 + 15*z + 1. Determine c(-11).
-43
Let h(n) = -n**3 + 18*n**2 + 53*n - 253. Determine h(20).
7
Let g(p) = p**2 - 4*p - 8. Give g(6).
4
Let r(q) = 11*q**2 - 23*q - 2. Determine r(2).
-4
Let p(k) = -9*k + 11. Calculate p(7).
-52
Let g(c) = -8*c - 42. Give g(-6).
6
Let r(f) = 10*f + 24. Give r(-3).
-6
Let a(w) = w**2 + 6*w - 10. Determine a(-8).
6
Let d(t) = -t**2 - 22*t + 132. Determine d(5).
-3
Let p(a) = -8*a + 4. Calculate p(3).
-20
Let m(d) = -3*d + 10. What is m(9)?
-17
Let k(h) = -h**3 + 21*h**2 + 24*h - 49. Determine k(22).
-5
Let t(j) = j**2 - 40*j + 68. Determine t(2).
-8
Let j(b) = b + 9. Give j(-4).
5
Let a(n) = -3*n - 17. Give a(-6).
1
Let j(n) = n**3 + 21*n**2 + 23*n + 28. What is j(-20)?
-32
Let o(k) = k**2 + 8*k + 4. What is o(-5)?
-11
Let h(z) = z**3 + 2*z**2 - 3*z + 2. What is h(-4)?
-18
Let t(r) = r. Determine t(5).
5
Let v(a) = -a**3 + 9*a**2 - 11*a + 5. Determine v(8).
-19
Let z(y) = -y**3 + 65*y**2 - 73*y + 581. Give z(64).
5
Let j(b) = b**3 - 12*b**2 + 34*b + 7. Calculate j(5).
2
Let o(m) = 8*m**2 - 50*m + 4. Give o(6).
-8
Let o(g) = -11*g + 52. Give o(15).
-113
Let z(x) = -x**3 - 8*x**2 + 2*x + 17. Calculate z(-8).
1
Let t(x) = 9*x + 126. Give t(-13).
9
Let j(s) = 2*s + 52. What is j(-10)?
32
Let j(t) = -7*t - 2. Calculate j(3).
-23
Let d(t) = -t**2 - 4*t + 5. Determine d(-3).
8
Let m(n) = -n**3 - n**2 + 3*n - 6. Determine m(2).
-12
Let t(z) = -3*z**2 - 20*z - 1. Give t(-7).
-8
Let z(i) = -i**2 - 12*i - 36. Determine z(-8).
-4
Let i(g) = g**2 - 13*g + 22. Calculate i(9).
-14
Let d(c) = -10*c - 148. Determine d(-11).
-38
Let o(p) = 7*p - 15. Calculate o(5).
20
Let q(k) = -k - 15. Give q(-3).
-12
Let m(b) = -b**2 + 23*b + 129. What is m(28)?
-11
Let v(z) = z + 21. Calculate v(-15).
6
Let g(k) = -7*k + 36. What is g(6)?
-6
Let d(x) = 7*x**2 - 61*x - 4. What is d(9)?
14
Let a(r) = r**2 + 4*r + 2. Determine a(4).
34
Let k(l) = -l + 14. What is k(14)?
0
Let f(p) = p**3 - 7*p**2 - 11*p + 12. Calculate f(8).
-12
Let d(x) = -x**3 + 7*x**2 - 5*x + 6. Give d(6).
12
Let s(u) = -u**3 - 15*u**2 - 12*u - 16. What is s(-14)?
-44
Let k(o) = o**2 + 13*o - 31. Determine k(-14).
-17
Let w(c) = c**3 - 4*c**2 - 3*c + 6. Give w(4).
-6
Let d(h) = -h**2 - 11*h - 26. What is d(-7)?
2
Let u(q) = 8*q + 49. Calculate u(-10).
-31
Let h(y) = y**3 + 7*y**2 - 9*y + 11. Calculate h(-6).
101
Let o(q) = -q - 17. Calculate o(-14).
-3
Let r(o) = 179*o + 902. Give r(-5).
7
Let a(r) = r**3 + r**2 + 2*r - 17. What is a(0)?
-17
Let x(i) = 106*i**2 + 1. What is x(-1)?
107
Let o(j) = -j**2 + 35*j + 256. Give o(41).
10
Let h(f) = f**3 + 3*f**2 - 4*f - 2. Give h(2).
10
Let c(d) = -13*d - 69. Give c(-8).
35
Let u(c) = -2*c**3 - 12*c**2 - 19*c - 6. Determine u(-2).
0
Let c(w) = w**3 + 23*w**2 + 22*w - 9. What is c(-22)?
-9
Let y(n) = n**3 - 12. What is y(0)?
-12
Let f(o) = o**3 + o**2 + 6*o + 2. What is f(0)?
2
Let k(n) = n**2 - 18*n - 3. Calculate k(9).
-84
Let v(i) = -i**3 - 4*i**2 + 4*i + 6. Determine v(-4).
-10
Let i(z) = 3*z + 17. What is i(7)?
38
Let j(f) = -f**2 + 21*f - 30. Calculate j(20).
-10
Let u(n) = -4*n - 8. Give u(1).
-12
Let a(v) = -5*v + 28. Calculate a(-6).
58
Let n(q) = 4*q + 12. What is n(-4)?
-4
Let p(c) = -c**2 - 30*c - 81. What is p(-27)?
0
Let a(n) = n**2 - n - 28. Give a(0).
-28
Let c(v) = -61*v - 189. Give c(-3).
-6
Let q(y) = 4*y + 3. Give q(5).
23
Let q(a) = -a**2 + 3*a + 4. Determine q(-1).
0
Let h(p) = 4*p - 24. Calculate h(7).
4
Let c(b) = 2*b**2 + 24*b - 4. Give c(-8).
-68
Let n(k) = k**3 + 36*k**2 + 33*k - 79. Give n(-35).
-9
Let w(j) = -j**3 - 8*j**2 - 8*j + 3. Determine w(-7).
10
Let t(v) = -2*v + 2. Calculate t(1).
0
Let x(p) = p**3 + 11*p**2 - 19*p - 13. What is x(-12)?
71
Let c(f) = f**3 - 6*f**2 - 16*f - 8. Calculate c(8).
-8
Let s(x) = 8*x**2 + 18*x - 1. Determine s(-3).
17
Let k(z) = -139*z**3 + z**2 - 2*z + 2. Calculate k(1).
-138
Let u(d) = -8*d + 1. Determine u(-6).
49
Let i(u) = -27*u + 29. What is i(4)?
-79
Let l(z) = -z**3 - 19*z**2 - 10*z - 185. Give l(-19).
5
Let k(q) = -q**2 - 12*q + 27. Give k(-14).
-1
Let w(i) = -2*i**2 + 5*i - 4. What is w(5)?
-29
Let m(d) = 12*d - 433. Give m(37).
11
Let v(w) = 11*w - 8. What is v(-12)?
-140
Let l(f) = -4*f + 3. What is l(4)?
-13
Let x(g) = g**3 - 29*g**2 - 64*g + 57. Determine x(31).
-5
Let p(x) = x**3 + 13*x**2 + 25*x - 15. Give p(-11).
-48
Let y(q) = -q**3 + 21*q**2 + 4*q + 46. Determine y(21).
130
Let l(s) = s**3 - 2*s - 2. Give l(3).
19
Let y(s) = -s**3 + 19*s**2 + 19*s + 23. Determine y(20).
3
Let b(m) = -25*m + 5. What is b(2)?
-45
Let b(u) = u**2 + 7*u - 99. Give b(-14).
-1
Let i(f) = -f**3 - 21*f**2 - 20*f + 7. Determine i(-20).
7
Let a(q) = -q**3 - 43*q**2 + q + 59. Give a(-43).
16
Let o(w) = -5*w**2 - 3*w + 3. What is o(-3)?
-33
Let m(b) = -41*b + 4. What is m(-1)?
45
Let r(b) = 2*b - 9. Give r(0).
-9
Let g(t) = t**3 - 5*t**2 + 2*t - 2. Calculate g(5).
8
Let x(s) = -9*s - 5. Give x(-2).
13
Let r(v) = 22*v - 58. Give r(5).
52
Let u(t) = t**2 - 1. What is u(0)?
-1
Let t(s) = -4*s. What is t(2)?
-8
Let v(n) = 2*n**2 + 6. Calculate v(3).
24
Let d(c) = -c**3 + 7*c**2 - 10*c - 7. Give d(6).
-31
Let h(n) = 5*n - 3. Calculate h(16).
77
Let m(g) = g**2 + 12*g + 3. Calculate m(-11).
-8
Let o(f) = -f - 12. Calculate o(0).
-12
Let k(r) = -r**2 - 6*r + 10. Determine k(-8).
-6
Let a(i) = -i**3 + 14*i**2 + 2*i - 29. What is a(14)?
-1
Let a(m) = -218*m - 644. What is a(-3)?
10
Let t(c) = c - 107. What is t(0)?
-107
Let j(t) = -16*t - 6. Give j(-1).
10
Let o(a) = 6*a + 158. Determine o(-24).
14
Let s(q) = -6*q**2 - q + 5. Give s(-4).
-87
Let v(h) = -h**2 + 14*h - 18. Give v(12).
6
Let b(i) = 15*i + 218. What is b(-13)?
23
Let m(k) = k**3 - 7*k**2 - 18*k + 1. Determine m(9).
1
Let z(c) = 3*c - 7. Give z(16).
41
Let k(g) = -42*g**3 - 2*g**2 - 5*g - 2. Calculate k(-1).
43
Let n(z) = -z**3 + 10*z**2 - 11*z + 1. What is n(8)?
41
Let r(m) = m**2 - 5*m - 1. What is r(4)?
-5
Let v(k) = k**3 - 12*k**2 - 29*k + 9. What is v(14)?
-5
Let v(q) = -3*q**2 - 40*q + 20. Calculate v(-14).
-8
Let w(h) = -3*h - 23. Calculate w(-7).
-2
Let k(s) = -s**3 + 20*s**2 - 62*s - 36. Calculate k(16).
-4
Let c(b) = -b**3 + 5*b**2 + b + 4. Determine c(4).
24
Let x(t) = -t**2 - 8*t + 14. Give x(-10).
-6
Let r(d) = -2*d + 23. Calculate r(10).
3
Let p(u) = -u**3 + u**2 + 15*u + 15. What is p(-3)?
6
Let a(u) = -5*u + 76. Give a(16).
-4
Let w(j) = j**3 - 6*j**2 + 7*j - 8. Determine w(6).
34
Let s(m) = m**3 - 4*m**2 - 4*m + 2. Determine s(4).
-14
Let m(l) = l**3 + 4*l**2 - 8*l + 13. What is m(-5)?
28
Let u(d) = d**3 - 6*d**2 - 7*d - 6. Give u(7).
-6
Let n(q) = -q**2 - 45*q + 92. Calculate n(-47).
-2
Let r(z) = -2*z**3 - 9*z**2 - z + 9. Give r(-4).
-3
Let c(j) = j**3 - 11*j**2 + 9*j - 96. Calculate c(11).
3
Let d(b) = b**3 - 7*b**2 + 9*b - 15. Calculate d(6).
3
Let x(i) = 3*i - 2. Determine x(9).
25
Let w(d) = 7*d - 2. What is w(2)?
12
Let d(r) = -r**3 + 5*r**2 - r. Give d(4).
12
Let d(o) = o**3 + o**2 - 6*o + 12. Calculate d(-6).
-132
Let v(k) = k**3 - 18*k**2 + 58*k - 34. Give v(14).
-6
Let m(v) = -3*v - 19. Determine m(-8).
5
Let r(v) = -v**3 - 3*v**2 - 11*v - 28. Calculate r(-3).
5
Let s(m) = 12*m - 61. What is s(4)?
-13
Let f(m) = -5*m - 36. Determine f(-10).
14
Let f(t) = -2*t + 6. Calculate f(-5).
16
Let w(n) = -2*n**2 + 45*n - 26. What is w(23)?
-49
Let u(z) = 4*z**2 - 18*z - 5. Determine u(5).
5
Let i(u) = u**3 - 14*u**2 - 1. Give i(14).
-1
Let g(f) = -f - 5. Determine g(5).
-10
Let c(k) = -k**3 - 8*k**2 - 11*k + 8. Determine c(-5).
-12
Let m(q) = 2*q**2 + 6*q + 1. Determine m(-5).
21
Let c(x) = 5*x - 80. What is c(17)?
5
Let y(f) = f**3 + 6*f**2 - 7*f - 10. Calculate y(-7).
-10
Let v(n) = -n**3 - 13*n**2 + 3*n + 1. Give v(-12).
-179
Let p(s) = 9*s - 6. Give p(4).
30
Let v(b) = -6*b + 25. Determine v(4).
1
Let p(v) = v**2 - 246. Give p(-16).
10
Let q(d) = d**3 - 10*d**2 - 8*d - 25. Give q(11).
8
Let w(k) = k**2 - 13*k + 16. What is w(12)?
4
Let m(x) = 2*x**3 + 51*x**2 + 25*x - 3. Calculate m(-25).
-3
Let y(v) = v**3 + 7*v**2 - 21. Give y(-6).
15
Let g(n) = -n**2 + 4*n + 41. What is g(-6)?
-19
Let r(b) = 10*b - 21. What is r(2)?
-1
Let y(m) = m**2 - 12*m - 12. What is y(9)?
-39
Let z(y) = y + 19. What is z(-11)?
8
Let b(o) = o**3 + 3*o**2 - 18*o - 6. Determine b(-6).
-6
Let s(a) = -a**3 + 6*a**2 - 5*a - 8. Determi